t the prime factors of y + 2*-7*-2.
2, 7
Suppose 541 = 3*a - 464. Let m be a - ((-77)/(-33) - 2/6). Suppose 4*t - 3*k = m, -2*t + 2*k + 52 = -116. List the prime factors of t.
3
Let m(g) = -431*g + 3632. List the prime factors of m(-37).
7, 2797
Suppose 0 = 3*o + 2*w + 22, -w = 3*o + 3*w + 26. Let i(z) = 4*z**2 - 15*z + 18. What are the prime factors of i(o)?
2, 3, 7
Let d = -11628 - -21066. List the prime factors of d.
2, 3, 11, 13
Let m = 143 + -67. Let v = m + 97. What are the prime factors of v?
173
Suppose -24 = -23*q + 27*q. Let z(r) = 3*r**2 - 6*r - 13. Let a be z(q). Let w = 229 - a. What are the prime factors of w?
2, 7
Let o(y) = 4*y**2 - 26*y + 17. Let n be o(6). Suppose 0 = n*s - 3*c - 2035, -145 = -3*s - c + 1090. List the prime factors of s.
2, 5, 41
Let z(n) = -3*n - 14. Suppose h - r - 15 = 3*h, 2*h + 24 = -4*r. Let x be z(h). Suppose 3*j = -4*t + 49, 0 = -2*j + t - x*t + 34. List the prime factors of j.
11
Let b(c) = 2*c - 20. Let n be b(11). Suppose -n*t = 3*t - 25. Suppose t*d - 36 = -7*d. What are the prime factors of d?
3
Suppose -12*j + 240*j - 46*j - 7644728 = 0. List the prime factors of j.
2, 10501
Let k(g) = 11*g - 194. Let f be k(17). Let j(b) = -2*b**3 + 11*b + 7. List the prime factors of j(f).
2, 7, 11
Let x(u) be the first derivative of u**4/2 - 2*u**3/3 + 2*u**2 - 2*u + 15. Let a be x(1). Suppose a*k + 180 = 7*k. List the prime factors of k.
2, 3
Let x be 2/(-4)*0/2. Let u(y) = -4*y**2 - 20 - 31*y + 73 + 2*y**2 - y**3 + 39 + 29*y. What are the prime factors of u(x)?
2, 23
Let o = 129 + 68. Suppose 0 = -3*g - o + 974. What are the prime factors of g?
7, 37
Let r = -740 - -6559. What are the prime factors of r?
11, 23
What are the prime factors of (-29458)/((-10)/(5 + 5))?
2, 11, 13, 103
Suppose -3*n + 145981 = 2*a, 36*a - 2627933 = 32*n - 31*n. List the prime factors of a.
2, 17, 19, 113
Let d(a) = 444*a - 57. Let p be d(18). Suppose 0 = -11*j + p - 1500. What are the prime factors of j?
3, 5, 13
Let y(d) = -d**3 + 32*d**2 - 37*d + 35. Let a be y(30). Let j = a - 278. List the prime factors of j.
3, 149
Suppose 0 = 2*c + 25 - 73. Let o = c + -20. Suppose 0 = o*h - 86 - 14. What are the prime factors of h?
5
Let j = 3863 + -1651. Let c = -890 + j. List the prime factors of c.
2, 661
Suppose 0 = 4*f - r - 475, 0 = -18*f + 21*f + r - 351. Let i = -70 + 101. Suppose -i = v - f. What are the prime factors of v?
3, 29
Suppose -5*a + 4*y = 25, 5*a + 2*y - 7 = 2*a. Let s be -26 - (a + 1) - -2. What are the prime factors of (-254)/(-16) + (-3)/s?
2
Let x = -12 - -15. Let j(t) = 348*t**x - 3 + 2 - 3*t**2 - 297*t**3 + 3*t. List the prime factors of j(1).
2, 5
List the prime factors of ((-3949)/(-33) + -5)*8/((-96)/(-4194)).
2, 43, 233
Let g be 110/66*18/10. Suppose -2*l = c - 9, g*l - c = 16 - 0. Suppose -393 = -3*b - 3*m, -b - l*m + 38 + 73 = 0. List the prime factors of b.
2, 17
Suppose 3*v + 12 = 4*f, -4*v + 3*v + f = 3. Let m(c) = -5*c + 304. What are the prime factors of m(v)?
2, 19
Suppose 0 = -5*s - 2*n + 27109, 0*s - 10843 = -2*s - n. List the prime factors of s.
11, 17, 29
Let y be (27/(-72))/((-5)/40). Suppose 4*f - y*x = 1986, -2*x - 1988 = -0*f - 4*f. List the prime factors of f.
2, 3, 83
Let n(c) = 3*c + 67. Let k = 29 + -44. What are the prime factors of n(k)?
2, 11
Let o(y) = 2*y - 18. Let s be o(12). Let i(t) = -t**3 + 8*t**2 - 12*t - 8. Let q be i(s). What are the prime factors of (-24)/(-96) + 13/q*-54?
2, 11
Suppose 7*b + 0*b - 113347 = 3*s, 4*b - 3*s = 64771. What are the prime factors of b?
2, 11, 23
What are the prime factors of (-12)/(-24)*-8 + 5115?
19, 269
Suppose -2*p = -2*a + 78642, 3*a - 6*p = -4*p + 117963. List the prime factors of a.
3, 17, 257
Let o(v) = 1082*v**3 + 4*v**2 - 17*v - 14. What are the prime factors of o(3)?
5, 13, 449
Suppose 3*l + 1919 = -1669. What are the prime factors of l/(-10) + (-32)/(-5) + -6?
2, 3, 5
Let a(l) be the first derivative of 14/3*l**3 + 13*l - 40 + 11*l**2 + 1/4*l**4. List the prime factors of a(-10).
193
Suppose -36*y - 335 = -2*q - 37*y, -5*q - 5*y = -825. Suppose -182*v + q*v = -9456. What are the prime factors of v?
2, 197
Let d be (-1 + 4 - 0 - 3) + -12. Let l be ((-6)/d - (2 - 2))*154. Suppose -l*b + 81*b = 372. List the prime factors of b.
3, 31
Let u(m) = -143*m - 1. Let d be u(-3). Suppose -5*p = -3*p - d. What are the prime factors of p?
2, 107
Let j be (-113)/(-6) + 1/6. Suppose 3*r = j - 7. Suppose r*t - 3*w = -93 + 338, 0 = 2*t + 2*w - 126. What are the prime factors of t?
2, 31
Suppose -5*h = -3*t - 54228 - 30226, -2*h - 4*t = -33792. List the prime factors of h.
2, 41, 103
Suppose a + 4971 + 271 = 3*z, -4*z + 6986 = 2*a. What are the prime factors of z?
1747
Let n(s) = -21*s**3 - 5*s**2 - s - 17. Let h be n(-6). Suppose 33*q - h = 11033. What are the prime factors of q?
2, 233
What are the prime factors of ((-40)/70 - 97155/(-126))*2?
23, 67
Suppose -113*v + 127*v = 61096. What are the prime factors of v?
2, 1091
Suppose -l + 22 = -2*a, -a + l = 2*l + 14. Let b(v) = v**2 + 11*v + 16. Let u be b(a). What are the prime factors of (-646)/(-5) - u/(-35)?
2, 5, 13
Let y(k) = k**3 + 9*k**2 - 3*k + 11. Suppose 4*p - p + 6 = s, -3*s - 3*p - 42 = 0. What are the prime factors of y(s)?
2, 19
Let g = -774 + 778. Suppose -g*n = -d - 2931, 0*d = 3*n + 2*d - 2212. List the prime factors of n.
2, 367
Let q(i) be the second derivative of -i**4/12 - i**3/2 + 21*i**2/2 + 14*i. Let f be q(-6). Suppose 190 + 188 = f*z. What are the prime factors of z?
2, 3, 7
Suppose -354*u + 2*t - 14020 = -358*u, -3*u + 4*t = -10504. What are the prime factors of u?
2, 3, 73
Let y(n) = -37*n - 19. Let t be y(-1). Suppose 10*r - t*r + 784 = 0. List the prime factors of r.
2, 7
Suppose -288 = -19*s + 43*s. List the prime factors of 9908/32 - s/32.
2, 5, 31
Let z(n) = -2*n**3 + 6*n**2 - 2. Let h be z(4). Let v = 1184 + -1192. What are the prime factors of (0 + h)*-3 + v + 5?
3, 11
Suppose 4*o = 2*q + 92632, -o + 2*q + 20394 = -2755. What are the prime factors of o?
19, 23, 53
Suppose n - 1 = -4. Let t be (-297)/(-12)*(1 - n). Suppose 2*y - 2*q + 2 = 42, -t = -5*y + 4*q. What are the prime factors of y?
19
Suppose 0 = 2*s + 2*p - 26112, -16595 - 22543 = -3*s + 3*p. List the prime factors of s.
31, 421
Let m = 140 + 764. Let h = m + 789. List the prime factors of h.
1693
Let m(v) be the third derivative of v**4/8 - 8*v**3/3 - 5*v**2. Suppose 4*j - 32 = -w, 2*j - 16 = -0*j + 5*w. What are the prime factors of m(j)?
2
Let g = 56380 + -17066. List the prime factors of g.
2, 11, 1787
Let k = 3226 + -2200. List the prime factors of k.
2, 3, 19
Let o(w) = -42*w - 1477. List the prime factors of o(-93).
7, 347
Let o(t) = -t**3 + 11*t**2 - 23*t + 13. List the prime factors of o(-14).
3, 5, 349
Suppose -30 = 5*g - 50. Suppose -g*j = -n + 4*n - 4394, -4*j + 3*n = -4382. What are the prime factors of j?
1097
Suppose 4*q = 12441 + 13263. What are the prime factors of q?
2, 3, 7, 17
Suppose 9*x = -x + 30. Suppose -x*k = -k + 2, -3*v = 3*k - 600. What are the prime factors of v?
3, 67
Suppose 5*s = 6*s - 8. Suppose s*q + 5*q = 3237. Suppose -u - 1 = 0, -3*u = l - 8*u - q. What are the prime factors of l?
2, 61
Let k = 219 + -219. Suppose 2 = -r, 5*o + 3*r = -k*o + 1944. What are the prime factors of o?
2, 3, 5, 13
Let i(l) = 5*l**2 - 6*l**2 - 17*l + 3 + 24 - 6. What are the prime factors of i(-10)?
7, 13
Let g be (4 - (-9)/(-12))/((-5)/(-20)). Let z(k) = -2 + 16 + 3*k + 2. List the prime factors of z(g).
5, 11
Let n(y) = -239*y**3 + 8*y**2 + 8*y + 11. List the prime factors of n(-4).
73, 211
Let u(p) = p**2 + 5*p - 11. Let z be u(-7). Let q(y) = 7 + 16*y**2 - y**z + 3*y + 5*y - 15*y + 8*y. List the prime factors of q(16).
23
Suppose 4*t - h + 2*h = -124, 0 = -3*t - 4*h - 106. Let o(c) = 2*c**2 + 28*c + 62. List the prime factors of o(t).
2, 7, 73
Suppose -2033 = 34*p - 5569. List the prime factors of p.
2, 13
Let u(x) = -x**3 + 16*x + 4. Let b be u(-4). Suppose -2*h = -z + 695, -b*h = -4*z - 9*h + 2780. What are the prime factors of z?
5, 139
Let k be 1*2*162/27. Let h = k - 14. What are the prime factors of -3 - (-60 - (0 + h))?
5, 11
Let s = 41 - -13. Let f = s - 55. List the prime factors of (f/2)/((-25)/7100).
2, 71
Suppose 866 = 3*p + 320. Let k be p/(-6)*(-18 - 3). Suppose -2*o = 5*o - k